-128)/h.
15
Let f(x) = 3*x - 29. Let a be f(14). Let d = 19 - a. Calculate the remainder when d is divided by 3.
0
Suppose -4*r + 103 = 5*q, -5*q = -2*r - q + 32. Calculate the remainder when 56 is divided by r.
12
Let r = 15 - 10. Suppose 0 = -p - m + 29, -p - 3*m + 17 = -r*m. Let w = p + -10. Calculate the remainder when 42 is divided by w.
12
Let b be 26/(-91) - 170/(-7). Let f = b - 11. Let r(n) = -21*n**3 - 2*n - 1. Calculate the remainder when r(-1) is divided by f.
9
Let l(c) be the first derivative of 6*c**3 + c**2 + 3*c + 16. Calculate the remainder when 113 is divided by l(-1).
18
Suppose -18*f - 237 + 759 = 0. Calculate the remainder when f is divided by (-2 + 13)*(1 + 0).
7
Let m = -52 - -65. Suppose q + 2*t = m, 0*q - t + 44 = 3*q. What is the remainder when 57 is divided by q?
12
Suppose -111 = -4*h + 3*n, n - 4*n = -3*h + 87. Calculate the remainder when 86 is divided by h.
14
Suppose k - 23 = w + 247, 5*w = 10. What is the remainder when k is divided by 25?
22
Let z(i) = i**2 + 4*i - 8. Let a(g) = g + 1. Let q(f) = -f. Let u(c) = 5*a(c) + 6*q(c). Calculate the remainder when z(-6) is divided by u(1).
0
Let h(f) = -84*f**3 - f**2 + f - 6. Let s(x) = -x + 1. Let l(q) = h(q) + 4*s(q). What is the remainder when l(-1) is divided by 43?
41
Suppose -5*v + 40 = w + 4*w, -4*v + 35 = 5*w. Let t(b) = -b**3 - 9*b**2 - 10*b - 3. Calculate the remainder when t(-8) is divided by w.
1
Let x be (7 - -2)/(17/(-187)). Let g = -62 - x. Calculate the remainder when g is divided by 14 + 1 + (-2 - 0).
11
Let j = 25 - 22. Suppose -5*y + a + 70 = 6*a, -14 = -y + j*a. What is the remainder when y is divided by 8?
6
Suppose -2*s = -5*y + 333, 4*y - 8*y + 4*s = -276. Calculate the remainder when 191 is divided by y.
61
Suppose 0 = 2*w + 2*n + 2, 4*n - 1 - 3 = 0. Let j = -38 + 54. What is the remainder when 59 - 1*4/w is divided by j?
13
Let y be (-12)/(-21)*(-1)/(-2)*7. Suppose 0 = -y*f + 25 + 5. Calculate the remainder when 73 is divided by f.
13
Let q(i) = 10*i + 92. What is the remainder when 92 is divided by q(-6)?
28
Let i be -4*(-1)/10*5. Suppose 3*z - 4*z = 4*k - 61, -4*z = -i*k + 26. Calculate the remainder when k is divided by 8.
7
Let w(h) = 23*h - 559. What is the remainder when 2266 is divided by w(29)?
106
Suppose -13 = -v + 13. Let u = 44 + 2. What is the remainder when u is divided by v?
20
Suppose -3*w + 6 + 0 = 0. Let i be (4 + -79)/((-3)/w). Suppose 2*o - i = n, 2*o + n = -o + 80. Calculate the remainder when o is divided by 7.
5
Suppose -h - 5 = m, 1 = -3*h + m - 6. Let u = h + -5. Let s(a) = a**3 + 9*a**2 + 5*a - 9. Calculate the remainder when 43 is divided by s(u).
13
Suppose -8*n + 5*w = -7*n - 14, n + 7 = -2*w. Let m = 45 - n. Calculate the remainder when m is divided by 15.
1
Suppose -5*u + 80 = -4*z, -2*z - 126 = -5*u - 36. What is the remainder when 71 is divided by u?
11
Let h(u) = -u**3 + 10*u**2 + 4*u - 12. Let x be h(10). Suppose -x = -6*v + 2*v. Calculate the remainder when v is divided by (-2)/5 - 72/(-30).
1
Suppose -3*k - 3*n = -66, 0 = 9*k - 6*n + 2*n - 211. What is the remainder when 33 is divided by k?
10
Suppose 0 = -4*y + 14 + 2. Let g be 2/y*(-380)/(-10). Let u = -6 + g. What is the remainder when 37 is divided by u?
11
Suppose -5*c - 45 = -90. Suppose -22*d = -25*d + 105. Calculate the remainder when d is divided by c.
8
Let g = 114 - 113. What is the remainder when ((-1)/3)/(1/(-3)) is divided by g?
0
Suppose -20 = 20*f - 80. Calculate the remainder when 115 is divided by (-4)/6*f + 49 + -8.
37
Let k(t) = 2*t + 11. Let y(b) = b**3 - 12*b**2 - 14*b + 19. Let d be y(13). What is the remainder when k(d) is divided by 8?
7
Let i be 156*(78/72 - (-1)/4). Let g = -148 + i. Calculate the remainder when g is divided by -1 - -1 - (-32)/2.
12
Suppose -34 = -5*x + 61. Let t be (2 + 4/6)*-3. Let s(y) = -y**3 - 7*y**2 + 7*y + 3. What is the remainder when x is divided by s(t)?
8
Let f(v) = -v**3 + v**2 - v - 13. Let b be f(0). Suppose -5*d + 30 = -5*i, i = -4*d + 2*i + 15. Calculate the remainder when (-1 - 1) + (0 - b) is divided by d.
2
Suppose 102 = 4*v - v - 3*b, 3*b - 90 = -3*v. Calculate the remainder when 55 is divided by v.
23
Suppose -7*j + 2*j + 1692 = 2*y, -2*y = j - 332. What is the remainder when j is divided by 25?
15
Let y(j) = 2*j**2 - 5*j**2 + 2*j**2 + 6 + 3 + 5*j. Calculate the remainder when 26 is divided by y(5).
8
Let o(d) = d**3 - 27*d**2 + 25*d + 70. What is the remainder when 64 is divided by o(26)?
20
Let i = 7 + -8. Let k be 28*-3*i - 2. Suppose h + k = 3*h. Calculate the remainder when h is divided by 14.
13
Calculate the remainder when (-12)/(-42) - (-654)/14 is divided by 6.
5
Let q(x) = x**2 + 15*x + 14. What is the remainder when 234 is divided by q(-17)?
42
Suppose -5*k - 14 = -3*c, -c - 4*k + 5 = 2*c. Suppose -c*a + 8*a - 120 = 0. Calculate the remainder when a is divided by 2.
0
Let c(x) = -2*x**3 - 4*x**2 + 2*x + 3. Let r be c(-3). Suppose 0 = -0*z - 3*z + r. What is the remainder when 13 is divided by z?
3
Let p = -214 - -226. Calculate the remainder when 69 is divided by p.
9
Let g = 393 - 312. What is the remainder when 235 is divided by g?
73
Suppose -6 = -5*p - p. Let z(b) = 44*b**3 - 2*b**2 + 2*b - 1. Calculate the remainder when z(p) is divided by 15.
13
Suppose -2*n + 38 = 20. What is the remainder when 26 is divided by n?
8
Calculate the remainder when -1 - 2/1 - 2 - -103 is divided by 17.
13
Suppose 2*y + 5*x = 501, 0 = -10*y + 6*y - 3*x + 967. What is the remainder when y is divided by 28?
14
Let i(c) = 5*c**2 + 15*c - 20. Let b be i(-13). Suppose -9*v + b = 153. Calculate the remainder when 262 is divided by v.
50
Let r(p) = p + 27. Let d be r(-23). Suppose -b = d*b - 2*l - 24, 5*b - l - 27 = 0. What is the remainder when b is divided by 2?
0
Let c be (0 + 0)/(-18 + 15). Let j = c - -32. What is the remainder when j is divided by 7?
4
Let h = 12 - -10. Let j = -1709 - -1796. Calculate the remainder when j is divided by h.
21
Suppose 0 = 4*x - x - 9, -43 = -2*d - x. Suppose d = r - 6*r. Calculate the remainder when 6 is divided by -1 + 0 + 1 - r.
2
Let d(n) = n + 1. Let g be d(-4). Let q be (g + (-10)/(-4))*-4. Suppose 77 - 31 = q*a + l, -3*l - 9 = -a. Calculate the remainder when 82 is divided by a.
19
Let w(l) = 6*l**3 + 2*l**2 - 4*l + 2. Let j(y) = 7*y**3 + 3*y**2 - 5*y + 3. Let x(n) = -3*j(n) + 4*w(n). What is the remainder when 47 is divided by x(2)?
13
Let l(v) = v**3 + 9*v**2 - 17*v + 12. Let h be l(-10). Let m = h - -17. What is the remainder when m is divided by 34?
31
Let i = -32 + 61. Let h(r) = -3*r + 37. What is the remainder when i is divided by h(9)?
9
Let y = -1545 - -1552. What is the remainder when 564 is divided by y?
4
Let a be 3*(-8)/6 - -90. What is the remainder when (14/(-7))/((-4)/a) is divided by 9?
7
Let w(y) = 5*y**2 + 19*y - 32. Calculate the remainder when w(6) is divided by 70.
52
Let c be (-4)/((-16)/(-148)) + 0. Let g = 65 - c. Let l = g - 49. What is the remainder when l is divided by 28?
25
Let n(r) be the third derivative of r**6/120 - r**5/15 - 3*r**4/8 + 2*r**3/3 - 9*r**2. Calculate the remainder when n(6) is divided by 8.
6
Let w = -190 - -288. Let f = w + -85. Let k(a) = -3*a + 2. Calculate the remainder when f is divided by k(-2).
5
What is the remainder when 100 is divided by ((-4)/((-72)/219))/(2/12)?
27
Suppose 15*o + 9 = -51. Calculate the remainder when (114/o)/((-9)/12) is divided by 6.
2
Let d(b) = b**2 + 29*b + 219. Let z = -20 - -32. What is the remainder when d(-18) is divided by z?
9
Suppose -4*w + 7*d + 28 = 3*d, -4*w = 4*d - 12. Let r = 304 + -215. Suppose 2*s + r - 1 = 5*x, -5*x = s - 91. What is the remainder when x is divided by w?
3
Let s = 14 - 8. Suppose -3*b + 6*b + s = 0. Calculate the remainder when 31 is divided by ((-6)/(-24))/(b/(-88)).
9
Let u(w) be the first derivative of 2*w**3/3 + 3*w**2/2 - 3*w - 2. Let p = 3539 + -3520. Calculate the remainder when u(-7) is divided by p.
17
Suppose -19*s - 14*s + 6138 = 0. Calculate the remainder when s is divided by 29.
12
Let z = -58 - -104. Suppose 4*a - 85 = -3*b, -29 = -2*a - b + 16. What is the remainder when z is divided by a?
21
Suppose 3*t - 6 = 147. Suppose 5*h - 7 = 133. Calculate the remainder when t is divided by h.
23
Let b(k) = 14*k**3 + 3*k**2. Let w be 3